- 2*u + 3. Let r be c(4). Let d = 51 + r. List the prime factors of d.
2, 3, 5
Let t(o) = -o - 2. Let c be t(-8). What are the prime factors of 154/c + (-6)/9?
5
Suppose 2*x = 5*x - 12. Let c be 1/(-4) + 5/x. What are the prime factors of (2 - -9)*(c - 0)?
11
Suppose -16 + 2 = -5*d - o, 0 = 5*d + 2*o - 18. Let t be 2 - (5 - 2) - -6. Suppose -d*p = t - 25. What are the prime factors of p?
2, 5
Let v be (2 - 2) + -2 + 9. Let s(w) = -w**3 + 8*w**2 - 4*w - 3. List the prime factors of s(v).
2, 3
Let a be (1/(-3))/(2/(-102)). Let p be 4/(-16) + a/4. Suppose 0 = -p*u + 63 - 15. What are the prime factors of u?
2, 3
Let l be (-17)/(-3) + 1/3. Suppose 12 = -4*v + 28. What are the prime factors of v/(((-9)/l)/(-3))?
2
Let m = 27 - 17. What are the prime factors of (1 + -4)/((-5)/m)?
2, 3
Let n(u) = 0*u - 4 + 1 - 19*u. What are the prime factors of n(-2)?
5, 7
Let w = 0 + 4. Suppose -5*s + w + 21 = 0. List the prime factors of s.
5
Suppose -4*w + w = 12. Let g(q) = q**2 - 6*q - 4. Let b(c) = 2*c**2 - 6*c - 4. Let m(h) = -2*b(h) + 3*g(h). List the prime factors of m(w).
2
What are the prime factors of 284*((-52)/(-16) + -3)?
71
Suppose -3*n + 9 = -9. Suppose 0 = n*o - 3*o - 24. List the prime factors of o.
2
Let a(u) = -59*u - 11. List the prime factors of a(-2).
107
Let l = -10 + 22. Suppose -o - o = -l. Suppose -5*a + 4 + o = 0. List the prime factors of a.
2
Let l be (6/18)/(2/18). Let b = 1 + l. Suppose b*g = -3*n + 60, g + 4*n + 8 = 3*g. List the prime factors of g.
2, 3
Let a = 37 - 20. Suppose 0 = 5*n - 3*l + l - 18, -5*n + a = -3*l. List the prime factors of n.
2
Suppose 2*r + r = 306. Suppose -t + 3*h = -4*t + r, 4*t = -2*h + 134. List the prime factors of t.
3, 11
Let k be (24/20)/(2/(-80)). Let h = -23 - k. Let f = h + -18. What are the prime factors of f?
7
Suppose 78 = 2*x + 3*u - 0*u, 3*x = 5*u + 136. Suppose 3*d - 41 = -2*v, -5*d - 5*v + 33 = -x. What are the prime factors of d?
11
Let n = -57 - -59. What are the prime factors of n?
2
Suppose 3*h - 16 = -5*t, 3*t + 2 = 5*h - t. Suppose -4 = -h*i - 0. Suppose l = -i*w + 3 + 7, w = -l + 9. What are the prime factors of l?
2
Suppose 195 = 13*a - 221. What are the prime factors of a?
2
Let h be 1 - 1*(1 - 2). Let t be h/(-3) + 30/(-9). What are the prime factors of (1 - 2)/(t/8)?
2
Let f(u) = 5*u + 2*u + 0 - 1. Let o = 0 + 1. List the prime factors of f(o).
2, 3
Let f(h) = -h**2 + 4*h**3 + 3 + 0*h**2 - 3*h**3 - 5*h. What are the prime factors of f(4)?
31
Let q = 12 - 0. Suppose -q = -4*m - 3*l + 11, -17 = 4*m - 5*l. What are the prime factors of m?
2
Suppose -18 = -120*r + 117*r. What are the prime factors of r?
2, 3
Suppose 7*p = 3*p + 12. Suppose -3 = 2*b - 3*b. Suppose -b*g + 13 = z, p*z - 3 = -g - 2*g. What are the prime factors of g?
2, 3
Suppose w = -5*j - 0*w + 19, -j - 13 = -4*w. Suppose -j*x + 2*x = 5*q - 20, 3*q - 4*x = 35. Suppose i - 15 = 6*i, 5*i + 75 = q*a. List the prime factors of a.
2, 3
Let s(p) = p**3 + p**2 + p + 1. Let t(d) = -6*d**3 - 9*d**2 - d - 3. Let f(y) = 5*s(y) + t(y). List the prime factors of f(-5).
7
Suppose -8 = -4*k, -2*k + 4*k + 28 = 2*x. Let a = -4 - -13. Let c = x - a. What are the prime factors of c?
7
What are the prime factors of 23/(75/(-20) + 4)?
2, 23
Let j(o) = o - 7. Let v be j(6). What are the prime factors of 6 - v*(1 - 0)?
7
Let g = 10 - 8. Let j be (-134)/(-8) + (-1)/(-4). Suppose j = 4*q + n, -7*q + g*q = -2*n - 18. List the prime factors of q.
2
Let n(u) be the first derivative of -u**4/4 + 2*u**3 + u**2/2 + 7*u - 2. Suppose 5*b + 3*v - 15 - 12 = 0, 2*b - 3*v = 15. List the prime factors of n(b).
13
Let h = 11 + -7. Suppose h*o + 11 = 5*z, -o + 4*z + z = 14. List the prime factors of 1/(o/2)*7.
2, 7
Let t = -28 - 0. Let g(h) = -7*h - 2. Let i be g(2). Let u = i - t. List the prime factors of u.
2, 3
Let t = -5 + 7. Suppose 0 = -t*s + p + 1 - 4, -2 = 2*s - 2*p. What are the prime factors of (-24)/2*s/2?
2, 3
Let r(f) = f**3 + 7*f**2 + 4*f - 2. Let o be r(-4). Let i = o - 1. List the prime factors of i.
29
Suppose -39 - 5 = -2*t. List the prime factors of t.
2, 11
Suppose 0 = 2*x + 6*x - 392. List the prime factors of x.
7
Let p(s) = s**3 + 6*s**2 + 4*s + 5. Suppose 4*g + 20 = -4. Let n be p(g). Let b = n - -30. List the prime factors of b.
11
Suppose -k + l + 18 = 0, -2*k = -k + 2*l - 24. Let y = -14 + k. List the prime factors of y.
2, 3
Let p be 3/3 + 0 + -295. List the prime factors of p/(-9) + (-2)/3.
2
Let s = -3 - -12. What are the prime factors of s?
3
Let g(n) = n**3 - 3*n**2 + 4*n - 2. Let d be g(2). Suppose -3*o + 5*i + 19 = -2*o, -d*i - 10 = -o. Suppose 2*b + 0*b - o = 0. List the prime factors of b.
2
Let o be (210/(-56))/((-3)/56). Suppose 0 = 8*k - 3*k - o. What are the prime factors of k?
2, 7
Let k = -75 + 121. Let h be (-3)/(-2)*4/3. Suppose 0 = -z - d + 8, h*z - 7*z + d + k = 0. List the prime factors of z.
3
Let q be (19 + -10)*(-2)/3. What are the prime factors of ((-2)/q)/(1/135)?
3, 5
Suppose 6*q = -25 + 385. What are the prime factors of q/50*(-10)/(-3)?
2
Suppose 3*n = -n. Suppose n*j + j = 10. List the prime factors of j.
2, 5
Let u(j) = 11*j**2 - j - 1. What are the prime factors of u(-1)?
11
Let o = -18 + 52. What are the prime factors of o?
2, 17
Let x = 83 - -5. Suppose -16 = -l + h, -4*l + x = h + h. List the prime factors of l.
2, 5
Suppose x = -x + 306. Suppose 50 = -3*p + 4*j + 179, 0 = -3*p - 4*j + x. List the prime factors of p.
47
Let h(f) = 10*f - 3. Let m be h(5). Suppose 5*b = 3 + 17. Suppose m = b*r + w, w + 0*w + 8 = r. What are the prime factors of r?
11
Let n(b) = 6*b - 3. Suppose i - 5*g = 7, -2*g - 8 = -5*i - 4*g. List the prime factors of n(i).
3
Let j(m) = 4*m**2 + 9*m - 6. Let r(o) = -o**2 - o. Let l(u) = -j(u) - 5*r(u). Suppose -5*a = i - 14 - 1, -a - 5*i - 21 = 0. What are the prime factors of l(a)?
2, 3
Let v = 413 - 266. What are the prime factors of v?
3, 7
Suppose 3*i + 20 = 4*c, -5*c - 2*i + 10 = -3*c. Let m(n) = -1 + 3*n + c*n**2 - 3*n. What are the prime factors of m(-1)?
2
Let k(r) = r**3 + 6*r**2 - 8*r - 5. Let o be k(-7). Suppose o*h - 4*s = 8, h - 4*h + 28 = -2*s. List the prime factors of h.
2, 3
Let c = -12 - -16. Suppose 0 = -5*o - c*l + 76, -l = 4*o + o - 79. List the prime factors of o.
2
Let x(k) = 2*k**2 + 3*k + 3. Let l(v) = v**3 + 6*v**2 + 4*v - 7. Let s be l(-5). List the prime factors of x(s).
5
What are the prime factors of 174/14 - (-18)/(-42)?
2, 3
List the prime factors of (-3 + 4)/(-1) - -33.
2
Let m be (16/(-2))/1 - -3. Let g(s) = s**3 + 7*s**2 + 5*s - 7. List the prime factors of g(m).
2, 3
Let c be 38*((-3)/(-6) - 1). Let u = -5 - c. What are the prime factors of ((-36)/u)/((-6)/28)?
2, 3
Let h(f) = -f**2 + 6*f + 12. What are the prime factors of h(5)?
17
Suppose r = -3*i + i + 377, i = -2*r + 193. List the prime factors of i.
11, 17
Let r(v) = -v - 1. Let j be r(-3). Suppose j*f + c = -f + 88, -4*c = -f + 38. Suppose -2*h + 0*h + f = 0. List the prime factors of h.
3, 5
Let k = 15 - 5. Let v = -31 - -31. Suppose 5*x - 24 = -i, 3*x = -v*i - 5*i + k. List the prime factors of x.
5
Let g = -1 + 61. List the prime factors of g.
2, 3, 5
Let p be 0 - -15*(-3)/(-3). Let g = -10 + p. Suppose 0 = 2*k + g - 23. List the prime factors of k.
3
Let g(t) = t**2 + t + 5. Let n be g(0). Let f be (-2)/2 - (-22 - n). Let i = f - 17. List the prime factors of i.
3
What are the prime factors of ((3 - -3) + -3)*(-32)/(-24)?
2
Let t(x) = 2*x**2 + 3*x - 2. Let h be t(-4). Suppose -3*m + h = 4*p, -4*m = -p - 4 - 1. Suppose -p*c = -9 - 9. What are the prime factors of c?
2, 3
Suppose -i = -2*s - 1, -2*i + 6*i = s - 17. Let r = 1 - i. List the prime factors of r.
2, 3
Suppose 184 = 5*f - 3*f. Suppose -5*a + 93 = -f. List the prime factors of a.
37
Let w = -53 - -74. Suppose -5*g = -4*g - w. What are the prime factors of g?
3, 7
Let u(r) = 2*r**2 - 29*r - 3. What are the prime factors of u(20)?
7, 31
Suppose -18*j = -26*j + 2968. What are the prime factors of j?
7, 53
Let i be (-6)/(-15) + 13/5. Suppose 0 = -3*f - 5*w + 11 + 60, 3*f - 69 = -i*w. List the prime factors of f.
2, 11
Let i(k) = -k**3 + 10*k**2 + 5*k - 14. List the prime factors of i(8).
2, 7, 11
What are the prime factors of 30 - (-1 + 1 + 1)?
29
Let b = 4 + -14. What are the prime factors of (-4)/b - 234/(-15)?
2
Let n be 